ime factors of o?
2, 5
Suppose -w + 2*b + 3*b - 140 = 0, 4*b = 16. List the prime factors of ((-26)/(-4))/(-4 - 485/w).
2, 3, 13
Let n = 159 + -78. Let g = 200 - n. What are the prime factors of g?
7, 17
Let k(x) = -x**3 - 9*x**2 + 8*x - 14. Let s be k(-10). Let v be (33/s)/(4/(-8)). Let p(w) = w**3 + 11*w**2 - 2*w + 13. What are the prime factors of p(v)?
5, 7
Suppose 114 = z + z - 2*c, 0 = c - 2. Let p = z - 14. What are the prime factors of p?
3, 5
Let f = -382 + 986. What are the prime factors of f?
2, 151
Let g = 15 + 3. Let x = g - 29. Let l(y) = -y**2 - 13*y - 12. List the prime factors of l(x).
2, 5
Let f be -3 + (-45)/(-10) - (-429)/2. Suppose 74 - f = -c. What are the prime factors of c?
2, 71
Let x(j) = 6*j**2 + 2*j + 173. List the prime factors of x(-22).
3, 337
Suppose 3*b + 1 = 5*y - 24, b + 4*y - 3 = 0. Let g(h) = -h**2 - h - 9*h + 1 + 5 + 5*h. What are the prime factors of g(b)?
2, 3
Let u(t) = t - 11. Let p(s) = 6*s - 55. Let g(l) = -4*p(l) + 22*u(l). Let q be g(-10). What are the prime factors of -2*(-21)/(-6)*q?
2, 7
Suppose 9*q - 167 - 130 = 0. Let h = q + 46. List the prime factors of h.
79
Let j(c) = -c**3 - 16*c**2 - 31*c + 23. Let g be j(-16). Suppose s - 262 - 247 = -3*k, -3*k - 3*s + g = 0. What are the prime factors of k?
2, 3, 7
Suppose 1 + 4 = a. Suppose 0 = 3*m + 12, 3*k - 5*m + m = -a. Let i(o) = -o**2 - 8*o. What are the prime factors of i(k)?
7
Suppose 2*z - 21 + 11 = 0. Suppose g = -3*v + z*v - 66, 3*g - 33 = -v. List the prime factors of v.
3, 11
What are the prime factors of (-3 - -4) + 3 + 1421 + 5?
2, 5, 11, 13
Let m(s) = -99*s - 16. Let v be m(-8). Suppose -236 + v = 4*y. What are the prime factors of y?
3, 5
Suppose 3*i - 36 = -3*i. Suppose 274 = i*p - 122. What are the prime factors of p?
2, 3, 11
Let k(m) = -319*m + 38. What are the prime factors of k(-2)?
2, 13
Let f = 2 - 4. Let x(w) = -w**3 - 1. Let v be x(f). List the prime factors of v/((-14)/(-4)) + 11.
13
Let p(l) = l - 1. Let q be p(-12). Let v = -3 - q. Suppose 0 = -c + 12 - v. List the prime factors of c.
2
Let j(l) = -l**2 - 8*l - 5. Suppose 9 = -r + 3. Let u be j(r). Suppose -w = -2*n + 142, -5*n - u*w + 4*w = -377. List the prime factors of n.
73
List the prime factors of ((-3799)/(-58))/((-2)/(-28)).
7, 131
Let d(l) = 8*l**2 + 11*l - 37. What are the prime factors of d(8)?
563
Suppose -126 = -2*f + 3*r, 0*r = f + 5*r - 76. Let g = f + 118. Suppose -5*m + g = 49. What are the prime factors of m?
3
Suppose -82*p + 143045 = -21*p. List the prime factors of p.
5, 7, 67
Suppose 4*v + 0*v = 2*b + 42, 5*v - 2*b - 53 = 0. Let l(t) = 10*t**2 + 2*t**2 - 16 + 19*t - 15*t**2 + 2*t**2. List the prime factors of l(v).
2, 3
Let j(a) = -a**3 + a + 6. Let v be j(0). List the prime factors of -2 + -7*v*36/(-21).
2, 5, 7
What are the prime factors of -1*7 - (9 - 1291)?
3, 5, 17
Let b = -49 - -313. What are the prime factors of b?
2, 3, 11
Suppose 0 = -g + 1 + 47. Suppose p - g = 33. What are the prime factors of p?
3
Suppose 4*q - 2220 = 7*q. What are the prime factors of 4/(-6) + q/(-12)?
61
Suppose -3*n = 900 - 2502. List the prime factors of n.
2, 3, 89
Let w = 589 + -339. List the prime factors of w.
2, 5
Suppose -149*z = -157*z + 8056. What are the prime factors of z?
19, 53
Let s(d) = -d**2 + 22*d + 11. Let n(u) = -4*u - 7. Let m be n(-7). What are the prime factors of s(m)?
2
Suppose 92 = -3*z - 34. Let n = -23 - z. Suppose 0 = -p - 3*w + 11, 0 = -4*p - 3*w + 16 + n. What are the prime factors of p?
2
Suppose -p + 6*p = -35. Let d be 9/21 - 375/p. Suppose -4*t - 2 + d = 0. List the prime factors of t.
13
Suppose 4*z + 2 = 14. Suppose 0 = -z*r + r + 156. What are the prime factors of r?
2, 3, 13
Let o(f) = -f**3 - 5*f**2 + 2. Let i be o(-5). Let n = 0 + i. Suppose -n*j + 20 = -6. What are the prime factors of j?
13
Let b be (-6)/(-5)*((-260)/(-6))/(-13). What are the prime factors of 4 + 15*(-3 + (-40)/b)?
109
Let x be -5 + 4 + 3*1. Let b(s) = 6*s**2 - 5*s + 6. What are the prime factors of b(x)?
2, 5
Let v = 1005 - -589. List the prime factors of v.
2, 797
Let g(x) = x + 7. Let c be g(-6). Suppose -3*o = 2*l - 4*o - c, 34 = 3*l + 5*o. Suppose l*y - 38 = 5*t + 24, -4*t = -4*y + 80. What are the prime factors of y?
19
Suppose 4*k + 0*k - 4*o - 16 = 0, 5*o = -4*k - 2. Let u(p) = -p**3 + 11*p**2 - 12*p + 24. Let z be u(10). List the prime factors of 1/(z/176*k).
2, 11
Suppose -379 + 984 = 3*o + 4*c, 5*o = -4*c + 995. Let s = o - 104. List the prime factors of s.
7, 13
Let i(z) = -5*z + 2*z**2 + 13 - 7 + 12*z. Let t be i(-6). Let n = -8 + t. List the prime factors of n.
2, 7
Let i(b) = -b**2 + 7*b + 9. Let w be i(7). Suppose w*l = l + 456. List the prime factors of l.
3, 19
Let r(j) = j**2 + 5*j + 2. Let z be r(-4). List the prime factors of (3/z)/(2/(-68)).
3, 17
Let h(t) = 73*t**2 - 8*t + 11. What are the prime factors of h(2)?
7, 41
List the prime factors of ((-2)/8)/((-1)/2)*1452.
2, 3, 11
Suppose 2 = -j, 3*x - j = 1973 - 168. List the prime factors of x.
601
Let z(g) = -1. Let y(a) = -27*a**2 + 108. Let v be ((-36)/15)/(1/45). Let k(o) = v*z(o) - y(o). What are the prime factors of k(-1)?
3
What are the prime factors of 14 + 15176/6 + 4/6?
2, 3, 53
Let c(j) = -j**3 + 4*j**2 + 6*j - 1. Let f be c(5). Suppose f*g + 0*k = -k + 8, 18 = 2*g - 3*k. Suppose 0*y - 54 = -g*y. List the prime factors of y.
2, 3
Let n = -2 - -6. Suppose -5*y - 50 = n*a + a, 4*a + 54 = 3*y. Let f = -8 - a. What are the prime factors of f?
2
Let u(h) = 1 + 1 + 18*h**2 - 1 + 46*h**2 + h. Let a be u(-1). Suppose -a = m - 3*m + 5*v, -v = -3*m + 122. What are the prime factors of m?
2, 3, 7
Suppose -2062 = -6*u + 560. List the prime factors of u.
19, 23
Suppose -5*h + 5 = o, h + o + 13 = -2*o. Let j be (h + -2)/(-2 - -1). Suppose 7 = -j*i + i. What are the prime factors of i?
7
Suppose -4*d = -690 + 114. What are the prime factors of (-2788)/(-9) + 32/d?
2, 5, 31
Suppose -2*f - 16 = -2*v, -17 = -4*v + 2*v + 3*f. Let g = v - -67. List the prime factors of g.
2, 37
Suppose l - 931 = -3*m, 2 + 2 = 2*m. List the prime factors of ((1 + 0)/((-5)/l))/(-1).
5, 37
Let c = 1 + -7. Let x = -3 - c. Let u(k) = -k**3 + 6*k**2 - 5*k + 3. What are the prime factors of u(x)?
3, 5
Let l = 1681 + -1051. List the prime factors of l.
2, 3, 5, 7
Let c = -221 - -576. List the prime factors of c.
5, 71
Suppose 3*d = -5*t + 4*d + 25, -t + 5*d = -29. Let m be (-20)/5 + t + 45. Suppose 6*n = 7*n - m. List the prime factors of n.
3, 5
Let u be 10/3*12/(-8). Let g(j) = j**2 + 2*j + 7. What are the prime factors of g(u)?
2, 11
Let b(g) = 3*g**2 + g + 3. Let f(t) = t**2 + 15*t - 12. Let c be f(-16). What are the prime factors of b(c)?
5, 11
Let v(g) = -14*g - 41. Let d be v(20). List the prime factors of (20/15)/((-2)/d) - 1.
3, 71
Let s = 2 + 1. Let d(p) = -p**3 + p**2 + 76. Let n be d(0). Suppose 0 = s*z - 5*z + n. List the prime factors of z.
2, 19
Suppose -34289 = 77*a - 94*a. What are the prime factors of a?
2017
Let f(d) = -4*d**3 - 3*d**2 - d + 3. Suppose -1 = 2*o - 5*i + 2, -2 = o - 2*i. List the prime factors of f(o).
5, 43
Let s = -316 + 561. List the prime factors of s.
5, 7
Suppose -1031*u + 1014*u + 64940 = 0. What are the prime factors of u?
2, 5, 191
Suppose 3*o - 16 = 7*o. List the prime factors of (35/o)/(1/(-16)).
2, 5, 7
Suppose 0 = -5*m - 14 - 6, -1246 = -2*t - 3*m. What are the prime factors of t?
17, 37
Let o(j) = 3*j - 3. Let a be o(4). Suppose 3*z - 15 - 11 = -2*g, 2*g - 3*z - 38 = 0. Let u = g - a. What are the prime factors of u?
7
Let r = 511 + -399. What are the prime factors of r?
2, 7
Suppose r + 7*r = 768. List the prime factors of (r/20)/((-3)/(-140)).
2, 7
Let q(p) be the third derivative of -p**5/60 + p**4/24 + 4*p**3/3 - p**2. Let y be 6 + (-6 - 18)/4. List the prime factors of q(y).
2
What are the prime factors of 1 - 30/(815/(-800) - -1)?
1601
Suppose u - 5 + 4 = 0. Let b be u/(45/10 - 4). Suppose y = b*y - 66. What are the prime factors of y?
2, 3, 11
Let z = 33 + -32. Let p(q) = 37*q + 3. What are the prime factors of p(z)?
2, 5
Suppose o + 548 = 2*o. Suppose -3*w + 5*j + o = 0, 763 = 4*w - 2*j + 37. What are the prime factors of w?
181
Let m be 4/8 + 9/6. Suppose 0 = -n - 2 - m. List the prime factors of 23/(n/(-12)*3).
23
Let m be 3/(-9) - 49/(-3). Let j be (m/(-2))/(0 